{"id":2881,"date":"2018-04-02T15:52:13","date_gmt":"2018-04-02T15:52:13","guid":{"rendered":"https:\/\/simsim-reisen.de\/?page_id=2881"},"modified":"2018-05-19T07:52:34","modified_gmt":"2018-05-19T07:52:34","slug":"wichtiges-im-urlaub-aegypten","status":"publish","type":"page","link":"https:\/\/simsim-reisen.de\/?page_id=2881","title":{"rendered":"Auf was ist zu achten im Urlaub in \u00c4gypten?"},"content":{"rendered":"<p>[vc_row][vc_column offset=&#8220;vc_hidden-lg vc_hidden-md vc_hidden-sm vc_hidden-xs&#8220;][vc_column_text]<\/p>\n<h3>Trinken und Eisw\u00fcrfel<\/h3>\n<p>Viel Mineralwasser trinken (Zimmertemperatur) ohne Eisw\u00fcrfel. Eisw\u00fcrfel werden in \u00c4gypten manchmal aus Leitungswasser zubereitet und sind f\u00fcr Ausl\u00e4nder nicht vertr\u00e4glich. Bei hohen Temperaturen Alkoholkonsum vermeiden!<\/p>\n<h3>Sonne: Verhalten am Strand<\/h3>\n<p>Mittagssonne vermeiden, stattdessen sich im Schatten aufhalten. Das ist sehr wichtig in den ersten Tagen, denn sonst kann manchmal der Urlaub durch starke Sonnenallergie oder Sonnenbrand vorbei sein. In den ersten Tagen nach der Ankunft eher den Schatten aufsuchen, auch dort kriegt man Br\u00e4unung und diese ist au\u00dferdem noch best\u00e4ndiger.<\/p>\n<h3>Mentalit\u00e4t<\/h3>\n<p>Die Mentalit\u00e4t der agypten kann uns Europ\u00e4ern manchmal ganz sch\u00f6n den Kopf verdrehen. Chaotisch und in vielen Hinsichten ohne Plan, so erscheint uns es manchmal. Dennoch, erreicht man sein Ziel, auch wenn es in unseren Ansichten kompliziert und systemlos erscheint. Wichtig f\u00fcr einen Urlaub in agypten ist hierbei: Ruhe behalten und viel Geduld und Verst\u00e4ndnis zeigen.<\/p>\n<h3>Feilschen<\/h3>\n<p>\u00c4gypter werden als gastfreundliche, fr\u00f6hliche, lustige und kommunikationsfreudige Menschen bezeichnet. Viele Urlauber f\u00fchlen sich gleich viel wohler mit diesen Umgangsformen im Leben umzugehen. Manche aber zeigen sich gegen\u00fcber den Einheimischen eher zur\u00fcckhaltend und vorsichtig. Das kann auch manchmal ein Vorteil <a href=\"https:\/\/en.wikipedia.org\/wiki\/Hurghada\">sein<\/a>, und zwar dann, wenn man beim Einkaufen z.B. in Basaren feilschen muss. Handeln <a href=\"https:\/\/simsim-reisen.de\/\">steht<\/a> in \u00c4gypten an der obersten Spitze der Tagesaktivit\u00e4ten. Wichtig dabei ist immer eine freundliche Art beizubehalten und das Spiel mitzuspielen.<\/p>\n<p><img loading=\"lazy\" decoding=\"async\" class=\"alignnone wp-image-3326 size-thumbnail\" src=\"http:\/\/simsim-reisen.de\/wp-content\/uploads\/2018\/03\/3966614578_0305a58e8b_b-150x150.jpg\" alt=\"agypten\" width=\"150\" height=\"150\" srcset=\"https:\/\/simsim-reisen.de\/wp-content\/uploads\/2018\/03\/3966614578_0305a58e8b_b-150x150.jpg 150w, https:\/\/simsim-reisen.de\/wp-content\/uploads\/2018\/03\/3966614578_0305a58e8b_b-75x75.jpg 75w, https:\/\/simsim-reisen.de\/wp-content\/uploads\/2018\/03\/3966614578_0305a58e8b_b-550x550.jpg 550w, https:\/\/simsim-reisen.de\/wp-content\/uploads\/2018\/03\/3966614578_0305a58e8b_b-400x400.jpg 400w\" sizes=\"auto, (max-width: 150px) 100vw, 150px\" \/>[\/vc_column_text][\/vc_column][\/vc_row][vc_row equal_height=&#8220;yes&#8220; content_placement=&#8220;middle&#8220; css=&#8220;.vc_custom_1522460138196{margin-top: 0px !important;padding-top: 0px !important;}&#8220;][vc_column offset=&#8220;vc_col-lg-6 vc_col-md-12&#8243; css=&#8220;.vc_custom_1522460262205{padding-top: 0px !important;padding-bottom: 0px !important;}&#8220;]<div class=\"qodef-elements-holder   qodef-one-column  qodef-responsive-mode-768 \" ><div class=\"qodef-eh-item     \"  data-item-class=\"qodef-eh-custom-4163\" data-1280-1600=\"2% 13% 0\" data-1024-1280=\"2% 12% 0\" data-768-1024=\"5% 5% 5% 5%\" data-680-768=\"5% 5% 5% 5%\" data-680=\"5% 5% 5% 5%\">\n\t<div class=\"qodef-eh-item-inner\">\n\t\t<div class=\"qodef-eh-item-content qodef-eh-custom-4163\" style=\"padding: 4% 15% 0 15%\">\n\t\t\t[vc_column_text]<\/p>\n<h3 style=\"text-align: left;\">Trinken, Eisw\u00fcrfel, Alkohol<\/h3>\n<p style=\"margin-bottom: 16px; text-align: left;\">Viel Mineralwasser trinken (Zimmertemperatur) ohne Eisw\u00fcrfel. Eisw\u00fcrfel werden aus \u00e4gyptischem Trinkwasser gemacht und sind f\u00fcr Ausl\u00e4nder nicht vert\u00e4glich. Bei hohen Temperaturen Alkoholkonsum vermeiden.<\/p>\n<p>[\/vc_column_text]\t\t<\/div>\n\t<\/div>\n\t<\/div><\/div>[\/vc_column][vc_column css=&#8220;.vc_custom_1522942867630{margin-top: 0px !important;margin-right: 0px !important;margin-bottom: 0px !important;margin-left: 0px !important;padding-top: 0px !important;padding-right: 0px !important;padding-bottom: 0px !important;padding-left: 0px !important;background-image: url(http:\/\/simsim-reisen.de\/wp-content\/uploads\/2018\/04\/bar-generic.jpg?id=3238) !important;background-position: center !important;background-repeat: no-repeat !important;background-size: cover !important;}&#8220; offset=&#8220;vc_col-lg-6 vc_col-md-12&#8243;][vc_empty_space height=&#8220;500px&#8220;][\/vc_column][\/vc_row][vc_row equal_height=&#8220;yes&#8220; content_placement=&#8220;middle&#8220; css=&#8220;.vc_custom_1522460138196{margin-top: 0px !important;padding-top: 0px !important;}&#8220;][vc_column css=&#8220;.vc_custom_1522943098762{margin-top: 0px !important;margin-right: 0px !important;margin-bottom: 0px !important;margin-left: 0px !important;padding-top: 0px !important;padding-right: 0px !important;padding-bottom: 0px !important;padding-left: 0px !important;background-image: url(http:\/\/simsim-reisen.de\/wp-content\/uploads\/2018\/04\/ad7bca8d4cc187f2eddef884bb5f.jpg?id=3240) !important;background-position: center !important;background-repeat: no-repeat !important;background-size: cover !important;}&#8220; offset=&#8220;vc_col-lg-6 vc_col-md-12&#8243;][vc_empty_space height=&#8220;500px&#8220;][\/vc_column][vc_column offset=&#8220;vc_col-lg-6 vc_col-md-12&#8243; css=&#8220;.vc_custom_1522460262205{padding-top: 0px !important;padding-bottom: 0px !important;}&#8220;]<div class=\"qodef-elements-holder   qodef-one-column  qodef-responsive-mode-768 \" ><div class=\"qodef-eh-item     \"  data-item-class=\"qodef-eh-custom-2239\" data-1280-1600=\"2% 13% 0\" data-1024-1280=\"2% 12% 0\" data-768-1024=\"5% 5% 5% 5%\" data-680-768=\"5% 5% 5% 5%\" data-680=\"5% 5% 5% 5%\">\n\t<div class=\"qodef-eh-item-inner\">\n\t\t<div class=\"qodef-eh-item-content qodef-eh-custom-2239\" style=\"padding: 4% 15% 0 15%\">\n\t\t\t[vc_column_text]<\/p>\n<h3 style=\"text-align: left;\">Sonne: Verhalten am Strand<\/h3>\n<p style=\"margin-bottom: 16px; text-align: left;\">Mittagssonne vermeiden, stattdessen sich im Schatten aufhalten. Das ist sehr wichtig in den ersten Tagen, denn sonst kann manchmal der Urlaub durch starke Sonnenallergie oder Sonnenbrand vorbei sein.<\/p>\n<p>In den ersten Tagen nach der Ankunft eher den Schatten aufsuchen, auch dort kriegt man Br\u00e4unung und diese ist au\u00dferdem noch best\u00e4ndiger.[\/vc_column_text]\t\t<\/div>\n\t<\/div>\n\t<\/div><\/div>[\/vc_column][\/vc_row][vc_row equal_height=&#8220;yes&#8220; content_placement=&#8220;middle&#8220; css=&#8220;.vc_custom_1522460138196{margin-top: 0px !important;padding-top: 0px !important;}&#8220;][vc_column offset=&#8220;vc_col-lg-6 vc_col-md-12&#8243; css=&#8220;.vc_custom_1522460262205{padding-top: 0px !important;padding-bottom: 0px !important;}&#8220;]<div class=\"qodef-elements-holder   qodef-one-column  qodef-responsive-mode-768 \" ><div class=\"qodef-eh-item     \"  data-item-class=\"qodef-eh-custom-3206\" data-1280-1600=\"2% 13% 0\" data-1024-1280=\"2% 12% 0\" data-768-1024=\"5% 5% 5% 5%\" data-680-768=\"5% 5% 5% 5%\" data-680=\"5% 5% 5% 5%\">\n\t<div class=\"qodef-eh-item-inner\">\n\t\t<div class=\"qodef-eh-item-content qodef-eh-custom-3206\" style=\"padding: 4% 15% 0 15%\">\n\t\t\t[vc_column_text]<\/p>\n<h3 style=\"text-align: left;\">W\u00e4hrung<\/h3>\n<p style=\"margin-bottom: 16px; text-align: left;\">Man sollte sich mit der \u00e4gyptischen Geldw\u00e4hrung vertraut machen, denn es gibt bei manchen Geldscheinen \u00f6fter Verwechslungen.<\/p>\n<p>[\/vc_column_text]\t\t<\/div>\n\t<\/div>\n\t<\/div><\/div>[\/vc_column][vc_column css=&#8220;.vc_custom_1522943325169{margin-top: 0px !important;margin-right: 0px !important;margin-bottom: 0px !important;margin-left: 0px !important;padding-top: 0px !important;padding-right: 0px !important;padding-bottom: 0px !important;padding-left: 0px !important;background-image: url(http:\/\/simsim-reisen.de\/wp-content\/uploads\/2018\/04\/About_Egyptian_Pound.jpg?id=3242) !important;background-position: center !important;background-repeat: no-repeat !important;background-size: cover !important;}&#8220; offset=&#8220;vc_col-lg-6 vc_col-md-12&#8243;][vc_empty_space height=&#8220;500px&#8220;][\/vc_column][\/vc_row][vc_row equal_height=&#8220;yes&#8220; content_placement=&#8220;middle&#8220; css=&#8220;.vc_custom_1522460138196{margin-top: 0px !important;padding-top: 0px !important;}&#8220;][vc_column css=&#8220;.vc_custom_1522948259150{margin-top: 0px !important;margin-right: 0px !important;margin-bottom: 0px !important;margin-left: 0px !important;padding-top: 0px !important;padding-right: 0px !important;padding-bottom: 0px !important;padding-left: 0px !important;background-image: url(http:\/\/simsim-reisen.de\/wp-content\/uploads\/2018\/04\/luxor.jpg?id=3248) !important;background-position: center !important;background-repeat: no-repeat !important;background-size: cover !important;}&#8220; offset=&#8220;vc_col-lg-6 vc_col-md-12&#8243;][vc_empty_space height=&#8220;500px&#8220;][\/vc_column][vc_column offset=&#8220;vc_col-lg-6 vc_col-md-12&#8243; css=&#8220;.vc_custom_1522460262205{padding-top: 0px !important;padding-bottom: 0px !important;}&#8220;]<div class=\"qodef-elements-holder   qodef-one-column  qodef-responsive-mode-768 \" ><div class=\"qodef-eh-item     \"  data-item-class=\"qodef-eh-custom-2165\" data-1280-1600=\"2% 13% 0\" data-1024-1280=\"2% 12% 0\" data-768-1024=\"5% 5% 5% 5%\" data-680-768=\"5% 5% 5% 5%\" data-680=\"5% 5% 5% 5%\">\n\t<div class=\"qodef-eh-item-inner\">\n\t\t<div class=\"qodef-eh-item-content qodef-eh-custom-2165\" style=\"padding: 4% 15% 0 15%\">\n\t\t\t[vc_column_text]<\/p>\n<h3 style=\"text-align: left;\">Mentalit\u00e4t<\/h3>\n<p style=\"margin-bottom: 16px; text-align: left;\">Die Mentalit\u00e4t der \u00c4gypter kann uns Europ\u00e4ern manchmal ganz sch\u00f6n den Kopf verdrehen. Chaotisch und in vielen Hinsichten ohne Plan, so erscheint uns es manchmal. Dennoch, erreicht man sein Ziel, auch wenn es in unseren Ansichten kompliziert und systemlos erscheint. Wichtig f\u00fcr einen Urlaub in \u00c4gypten ist hierbei: Ruhe behalten und viel Geduld und Verst\u00e4ndnis zeigen.<\/p>\n<p>[\/vc_column_text]\t\t<\/div>\n\t<\/div>\n\t<\/div><\/div>[\/vc_column][\/vc_row][vc_row equal_height=&#8220;yes&#8220; content_placement=&#8220;middle&#8220; css=&#8220;.vc_custom_1522460138196{margin-top: 0px !important;padding-top: 0px !important;}&#8220;][vc_column offset=&#8220;vc_col-lg-6 vc_col-md-12&#8243; css=&#8220;.vc_custom_1522460262205{padding-top: 0px !important;padding-bottom: 0px !important;}&#8220;]<div class=\"qodef-elements-holder   qodef-one-column  qodef-responsive-mode-768 \" ><div class=\"qodef-eh-item     \"  data-item-class=\"qodef-eh-custom-7831\" data-1280-1600=\"2% 13% 0\" data-1024-1280=\"2% 12% 0\" data-768-1024=\"5% 5% 5% 5%\" data-680-768=\"5% 5% 5% 5%\" data-680=\"5% 5% 5% 5%\">\n\t<div class=\"qodef-eh-item-inner\">\n\t\t<div class=\"qodef-eh-item-content qodef-eh-custom-7831\" style=\"padding: 4% 15% 0 15%\">\n\t\t\t[vc_column_text]<\/p>\n<h3 style=\"text-align: left;\">Feilschen<\/h3>\n<p style=\"margin-bottom: 16px; text-align: left;\">\u00c4gypter werden als gastfreundliche, fr\u00f6hliche, lustige und kommunikationsfreudige Menschen bezeichnet. Viele Urlauber f\u00fchlen sich gleich viel wohler mit diesen Umgangsformen im Leben umzugehen. Manche aber zeigen sich gegen\u00fcber den Einheimischen eher zur\u00fcckhaltend und vorsichtig. Das kann auch manchmal ein Vorteil sein, und zwar dann, wenn man beim Einkaufen z.B. in Basaren feilschen muss. Handeln steht in \u00c4gypten an der obersten Spitze der Tagesaktivit\u00e4ten. Wichtig dabei ist immer eine freundliche Art beizubehalten und das Spiel mitzuspielen.<\/p>\n<p>[\/vc_column_text]\t\t<\/div>\n\t<\/div>\n\t<\/div><\/div>[\/vc_column][vc_column css=&#8220;.vc_custom_1522954419967{margin-top: 0px !important;margin-right: 0px !important;margin-bottom: 0px !important;margin-left: 0px !important;padding-top: 0px !important;padding-right: 0px !important;padding-bottom: 0px !important;padding-left: 0px !important;background-image: url(http:\/\/simsim-reisen.de\/wp-content\/uploads\/2018\/04\/Young_Egyptian_Girl-.jpg?id=3251) !important;background-position: center !important;background-repeat: no-repeat !important;background-size: cover !important;}&#8220; offset=&#8220;vc_col-lg-6 vc_col-md-12&#8243;][vc_empty_space height=&#8220;500px&#8220;][\/vc_column][\/vc_row]<\/p>\n","protected":false},"excerpt":{"rendered":"<p>[vc_row][vc_column offset=&#8220;vc_hidden-lg vc_hidden-md vc_hidden-sm vc_hidden-xs&#8220;][vc_column_text] Trinken und Eisw\u00fcrfel Viel Mineralwasser trinken (Zimmertemperatur) ohne Eisw\u00fcrfel. Eisw\u00fcrfel werden in \u00c4gypten manchmal aus Leitungswasser zubereitet und sind f\u00fcr Ausl\u00e4nder nicht vertr\u00e4glich. Bei hohen Temperaturen Alkoholkonsum vermeiden! Sonne: Verhalten am Strand Mittagssonne vermeiden, stattdessen [&hellip;]<\/p>\n","protected":false},"author":1,"featured_media":0,"parent":0,"menu_order":0,"comment_status":"closed","ping_status":"closed","template":"full-width.php","meta":{"footnotes":""},"class_list":["post-2881","page","type-page","status-publish","hentry"],"yoast_head":"<!-- This site is optimized with the Yoast SEO plugin v27.1.1 - https:\/\/yoast.com\/product\/yoast-seo-wordpress\/ -->\n<title>Reisen &amp; Ausfl\u00fcge - Auf was ist zu achten im Urlaub in \u00c4gypten?<\/title>\n<meta name=\"description\" content=\"\u00c4gypten und das Rote Meer z\u00e4hlt zu den beliebtesten Urlaubszielen weltweit. Die Temperaturen und das Klima, sowie die Wassertemperaturen sind ideal und perfekt f\u00fcr einen erholsamen Urlaub. Buchen Sie jetzt Ihren Traumurlaub in \u00c4gypten am Roten Meer und unternehmen Sie mit uns wundersch\u00f6ne Ausfl\u00fcge.\" \/>\n<meta name=\"robots\" content=\"index, follow, max-snippet:-1, max-image-preview:large, max-video-preview:-1\" \/>\n<link rel=\"canonical\" href=\"https:\/\/simsim-reisen.de\/?page_id=2881\" \/>\n<meta property=\"og:locale\" content=\"de_DE\" \/>\n<meta property=\"og:type\" content=\"article\" \/>\n<meta property=\"og:title\" content=\"Reisen &amp; Ausfl\u00fcge - Auf was ist zu achten im Urlaub in \u00c4gypten?\" \/>\n<meta property=\"og:description\" content=\"\u00c4gypten und das Rote Meer z\u00e4hlt zu den beliebtesten Urlaubszielen weltweit. Die Temperaturen und das Klima, sowie die Wassertemperaturen sind ideal und perfekt f\u00fcr einen erholsamen Urlaub. Buchen Sie jetzt Ihren Traumurlaub in \u00c4gypten am Roten Meer und unternehmen Sie mit uns wundersch\u00f6ne Ausfl\u00fcge.\" \/>\n<meta property=\"og:url\" content=\"https:\/\/simsim-reisen.de\/?page_id=2881\" \/>\n<meta property=\"og:site_name\" content=\"SimSim Dive Safari &amp; Ausfl\u00fcge\" \/>\n<meta property=\"article:publisher\" content=\"https:\/\/www.facebook.com\/simsimreisen.de\/\" \/>\n<meta property=\"article:modified_time\" content=\"2018-05-19T07:52:34+00:00\" \/>\n<meta property=\"og:image\" content=\"http:\/\/simsim-reisen.de\/wp-content\/uploads\/2018\/03\/3966614578_0305a58e8b_b-150x150.jpg\" \/>\n<meta name=\"twitter:card\" content=\"summary_large_image\" \/>\n<meta name=\"twitter:label1\" content=\"Gesch\u00e4tzte Lesezeit\" \/>\n\t<meta name=\"twitter:data1\" content=\"6\u00a0Minuten\" \/>\n<script type=\"application\/ld+json\" class=\"yoast-schema-graph\">{\"@context\":\"https:\/\/schema.org\",\"@graph\":[{\"@type\":\"WebPage\",\"@id\":\"https:\/\/simsim-reisen.de\/?page_id=2881\",\"url\":\"https:\/\/simsim-reisen.de\/?page_id=2881\",\"name\":\"Reisen & Ausfl\u00fcge - Auf was ist zu achten im Urlaub in \u00c4gypten?\",\"isPartOf\":{\"@id\":\"https:\/\/simsim-reisen.de\/#website\"},\"primaryImageOfPage\":{\"@id\":\"https:\/\/simsim-reisen.de\/?page_id=2881#primaryimage\"},\"image\":{\"@id\":\"https:\/\/simsim-reisen.de\/?page_id=2881#primaryimage\"},\"thumbnailUrl\":\"http:\/\/simsim-reisen.de\/wp-content\/uploads\/2018\/03\/3966614578_0305a58e8b_b-150x150.jpg\",\"datePublished\":\"2018-04-02T15:52:13+00:00\",\"dateModified\":\"2018-05-19T07:52:34+00:00\",\"description\":\"\u00c4gypten und das Rote Meer z\u00e4hlt zu den beliebtesten Urlaubszielen weltweit. Die Temperaturen und das Klima, sowie die Wassertemperaturen sind ideal und perfekt f\u00fcr einen erholsamen Urlaub. Buchen Sie jetzt Ihren Traumurlaub in \u00c4gypten am Roten Meer und unternehmen Sie mit uns wundersch\u00f6ne Ausfl\u00fcge.\",\"breadcrumb\":{\"@id\":\"https:\/\/simsim-reisen.de\/?page_id=2881#breadcrumb\"},\"inLanguage\":\"de\",\"potentialAction\":[{\"@type\":\"ReadAction\",\"target\":[\"https:\/\/simsim-reisen.de\/?page_id=2881\"]}]},{\"@type\":\"ImageObject\",\"inLanguage\":\"de\",\"@id\":\"https:\/\/simsim-reisen.de\/?page_id=2881#primaryimage\",\"url\":\"https:\/\/simsim-reisen.de\/wp-content\/uploads\/2018\/03\/3966614578_0305a58e8b_b.jpg\",\"contentUrl\":\"https:\/\/simsim-reisen.de\/wp-content\/uploads\/2018\/03\/3966614578_0305a58e8b_b.jpg\",\"width\":1024,\"height\":768,\"caption\":\"\u00c4gypten\"},{\"@type\":\"BreadcrumbList\",\"@id\":\"https:\/\/simsim-reisen.de\/?page_id=2881#breadcrumb\",\"itemListElement\":[{\"@type\":\"ListItem\",\"position\":1,\"name\":\"Home\",\"item\":\"https:\/\/simsim-reisen.de\/\"},{\"@type\":\"ListItem\",\"position\":2,\"name\":\"Auf was ist zu achten im Urlaub in \u00c4gypten?\"}]},{\"@type\":\"WebSite\",\"@id\":\"https:\/\/simsim-reisen.de\/#website\",\"url\":\"https:\/\/simsim-reisen.de\/\",\"name\":\"SimSim Dive Safari & Ausfl\u00fcge\",\"description\":\"\",\"publisher\":{\"@id\":\"https:\/\/simsim-reisen.de\/#organization\"},\"potentialAction\":[{\"@type\":\"SearchAction\",\"target\":{\"@type\":\"EntryPoint\",\"urlTemplate\":\"https:\/\/simsim-reisen.de\/?s={search_term_string}\"},\"query-input\":{\"@type\":\"PropertyValueSpecification\",\"valueRequired\":true,\"valueName\":\"search_term_string\"}}],\"inLanguage\":\"de\"},{\"@type\":\"Organization\",\"@id\":\"https:\/\/simsim-reisen.de\/#organization\",\"name\":\"SimSim Dive Safari & Ausfl\u00fcge\",\"url\":\"https:\/\/simsim-reisen.de\/\",\"logo\":{\"@type\":\"ImageObject\",\"inLanguage\":\"de\",\"@id\":\"https:\/\/simsim-reisen.de\/#\/schema\/logo\/image\/\",\"url\":\"https:\/\/simsim-reisen.de\/wp-content\/uploads\/2018\/04\/simsim-tauchtouren-aegypten-dark.png\",\"contentUrl\":\"https:\/\/simsim-reisen.de\/wp-content\/uploads\/2018\/04\/simsim-tauchtouren-aegypten-dark.png\",\"width\":50,\"height\":61,\"caption\":\"SimSim Dive Safari & Ausfl\u00fcge\"},\"image\":{\"@id\":\"https:\/\/simsim-reisen.de\/#\/schema\/logo\/image\/\"},\"sameAs\":[\"https:\/\/www.facebook.com\/simsimreisen.de\/\"]}]}<\/script>\n<!-- \/ Yoast SEO plugin. -->","yoast_head_json":{"title":"Reisen & Ausfl\u00fcge - Auf was ist zu achten im Urlaub in \u00c4gypten?","description":"\u00c4gypten und das Rote Meer z\u00e4hlt zu den beliebtesten Urlaubszielen weltweit. Die Temperaturen und das Klima, sowie die Wassertemperaturen sind ideal und perfekt f\u00fcr einen erholsamen Urlaub. Buchen Sie jetzt Ihren Traumurlaub in \u00c4gypten am Roten Meer und unternehmen Sie mit uns wundersch\u00f6ne Ausfl\u00fcge.","robots":{"index":"index","follow":"follow","max-snippet":"max-snippet:-1","max-image-preview":"max-image-preview:large","max-video-preview":"max-video-preview:-1"},"canonical":"https:\/\/simsim-reisen.de\/?page_id=2881","og_locale":"de_DE","og_type":"article","og_title":"Reisen & Ausfl\u00fcge - Auf was ist zu achten im Urlaub in \u00c4gypten?","og_description":"\u00c4gypten und das Rote Meer z\u00e4hlt zu den beliebtesten Urlaubszielen weltweit. Die Temperaturen und das Klima, sowie die Wassertemperaturen sind ideal und perfekt f\u00fcr einen erholsamen Urlaub. Buchen Sie jetzt Ihren Traumurlaub in \u00c4gypten am Roten Meer und unternehmen Sie mit uns wundersch\u00f6ne Ausfl\u00fcge.","og_url":"https:\/\/simsim-reisen.de\/?page_id=2881","og_site_name":"SimSim Dive Safari &amp; Ausfl\u00fcge","article_publisher":"https:\/\/www.facebook.com\/simsimreisen.de\/","article_modified_time":"2018-05-19T07:52:34+00:00","og_image":[{"url":"http:\/\/simsim-reisen.de\/wp-content\/uploads\/2018\/03\/3966614578_0305a58e8b_b-150x150.jpg","type":"","width":"","height":""}],"twitter_card":"summary_large_image","twitter_misc":{"Gesch\u00e4tzte Lesezeit":"6\u00a0Minuten"},"schema":{"@context":"https:\/\/schema.org","@graph":[{"@type":"WebPage","@id":"https:\/\/simsim-reisen.de\/?page_id=2881","url":"https:\/\/simsim-reisen.de\/?page_id=2881","name":"Reisen & Ausfl\u00fcge - Auf was ist zu achten im Urlaub in \u00c4gypten?","isPartOf":{"@id":"https:\/\/simsim-reisen.de\/#website"},"primaryImageOfPage":{"@id":"https:\/\/simsim-reisen.de\/?page_id=2881#primaryimage"},"image":{"@id":"https:\/\/simsim-reisen.de\/?page_id=2881#primaryimage"},"thumbnailUrl":"http:\/\/simsim-reisen.de\/wp-content\/uploads\/2018\/03\/3966614578_0305a58e8b_b-150x150.jpg","datePublished":"2018-04-02T15:52:13+00:00","dateModified":"2018-05-19T07:52:34+00:00","description":"\u00c4gypten und das Rote Meer z\u00e4hlt zu den beliebtesten Urlaubszielen weltweit. Die Temperaturen und das Klima, sowie die Wassertemperaturen sind ideal und perfekt f\u00fcr einen erholsamen Urlaub. Buchen Sie jetzt Ihren Traumurlaub in \u00c4gypten am Roten Meer und unternehmen Sie mit uns wundersch\u00f6ne Ausfl\u00fcge.","breadcrumb":{"@id":"https:\/\/simsim-reisen.de\/?page_id=2881#breadcrumb"},"inLanguage":"de","potentialAction":[{"@type":"ReadAction","target":["https:\/\/simsim-reisen.de\/?page_id=2881"]}]},{"@type":"ImageObject","inLanguage":"de","@id":"https:\/\/simsim-reisen.de\/?page_id=2881#primaryimage","url":"https:\/\/simsim-reisen.de\/wp-content\/uploads\/2018\/03\/3966614578_0305a58e8b_b.jpg","contentUrl":"https:\/\/simsim-reisen.de\/wp-content\/uploads\/2018\/03\/3966614578_0305a58e8b_b.jpg","width":1024,"height":768,"caption":"\u00c4gypten"},{"@type":"BreadcrumbList","@id":"https:\/\/simsim-reisen.de\/?page_id=2881#breadcrumb","itemListElement":[{"@type":"ListItem","position":1,"name":"Home","item":"https:\/\/simsim-reisen.de\/"},{"@type":"ListItem","position":2,"name":"Auf was ist zu achten im Urlaub in \u00c4gypten?"}]},{"@type":"WebSite","@id":"https:\/\/simsim-reisen.de\/#website","url":"https:\/\/simsim-reisen.de\/","name":"SimSim Dive Safari & Ausfl\u00fcge","description":"","publisher":{"@id":"https:\/\/simsim-reisen.de\/#organization"},"potentialAction":[{"@type":"SearchAction","target":{"@type":"EntryPoint","urlTemplate":"https:\/\/simsim-reisen.de\/?s={search_term_string}"},"query-input":{"@type":"PropertyValueSpecification","valueRequired":true,"valueName":"search_term_string"}}],"inLanguage":"de"},{"@type":"Organization","@id":"https:\/\/simsim-reisen.de\/#organization","name":"SimSim Dive Safari & Ausfl\u00fcge","url":"https:\/\/simsim-reisen.de\/","logo":{"@type":"ImageObject","inLanguage":"de","@id":"https:\/\/simsim-reisen.de\/#\/schema\/logo\/image\/","url":"https:\/\/simsim-reisen.de\/wp-content\/uploads\/2018\/04\/simsim-tauchtouren-aegypten-dark.png","contentUrl":"https:\/\/simsim-reisen.de\/wp-content\/uploads\/2018\/04\/simsim-tauchtouren-aegypten-dark.png","width":50,"height":61,"caption":"SimSim Dive Safari & Ausfl\u00fcge"},"image":{"@id":"https:\/\/simsim-reisen.de\/#\/schema\/logo\/image\/"},"sameAs":["https:\/\/www.facebook.com\/simsimreisen.de\/"]}]}},"_links":{"self":[{"href":"https:\/\/simsim-reisen.de\/index.php?rest_route=\/wp\/v2\/pages\/2881","targetHints":{"allow":["GET"]}}],"collection":[{"href":"https:\/\/simsim-reisen.de\/index.php?rest_route=\/wp\/v2\/pages"}],"about":[{"href":"https:\/\/simsim-reisen.de\/index.php?rest_route=\/wp\/v2\/types\/page"}],"author":[{"embeddable":true,"href":"https:\/\/simsim-reisen.de\/index.php?rest_route=\/wp\/v2\/users\/1"}],"replies":[{"embeddable":true,"href":"https:\/\/simsim-reisen.de\/index.php?rest_route=%2Fwp%2Fv2%2Fcomments&post=2881"}],"version-history":[{"count":14,"href":"https:\/\/simsim-reisen.de\/index.php?rest_route=\/wp\/v2\/pages\/2881\/revisions"}],"predecessor-version":[{"id":13479,"href":"https:\/\/simsim-reisen.de\/index.php?rest_route=\/wp\/v2\/pages\/2881\/revisions\/13479"}],"wp:attachment":[{"href":"https:\/\/simsim-reisen.de\/index.php?rest_route=%2Fwp%2Fv2%2Fmedia&parent=2881"}],"curies":[{"name":"wp","href":"https:\/\/api.w.org\/{rel}","templated":true}]}}