{"id":2888,"date":"2018-04-03T01:48:25","date_gmt":"2018-04-03T01:48:25","guid":{"rendered":"https:\/\/simsim-reisen.de\/?page_id=2888"},"modified":"2018-05-19T08:07:20","modified_gmt":"2018-05-19T08:07:20","slug":"flughafentransfer","status":"publish","type":"page","link":"https:\/\/simsim-reisen.de\/?page_id=2888","title":{"rendered":"Flughafentransfer"},"content":{"rendered":"<p>[vc_row][vc_column offset=&#8220;vc_hidden-lg vc_hidden-md vc_hidden-sm vc_hidden-xs&#8220;][vc_column_text]Schon\u00a0Flughafentransfer<\/p>\n<p class=\"qodef-page-title entry-title\">Flughafentransfer im vorhellenischen Griechenland wurde der Delphin als Gott verehrt und ihm gleichgestellt. Die obige \u00dcberschrift stammt von dem griechischen Dichter Oppian, der sagte, dass ein Mord an einem Delphin genauso bestraft m\u00fcsse, wie der an einem Menschen. Das zeigt uns, dass der Delphin schon in der griechischen Geschichte eine gro\u00dfe Rolle spielte. Der Mythos von der Verbindung zwischen Mensch und Delphin ist uralt. Einige Geschichtsforscher glauben daran, dass Kreter die ersten Delphine gez\u00e4hmt\u00a0Flughafentransfer haben und\u00a0 Flughafentransfer\u00a0sich ohne sie niemals auf\u00b4s offene Meer trauten.<\/p>\n<p>Mit Hilfe der Delphine entdeckten sie ein Heiligtum,\u00a0 Flughafentransfer einen Platz, an dieser Stelle entstand Delphi, das sp\u00e4ter als Zentrum der Welt galt.<\/p>\n<p>Die Legende Arions ist sicherlich\u00a0Flughafentransfer die bekannteste Geschichte, die\u00a0Flughafentransfer die uralte Bindung zwischen Menschen und Delphinen besonders stark zum Ausdruck bringt. Der S\u00e4nger und Dichter Arion begab sich auf die Reise durch den Mittelmeerraum, wurde von Schiffsr\u00e4ubern \u00fcberfallen und sie zwangen Arion \u00fcber Bord in den Tod zu springen, um in den Besitz seines Geldes zu kommen. Arion bat um die Erf\u00fcllung eines letzten Wunsches- er wollte in voller Amtstracht auf der Ruderbank stehend singen und sich anschlie\u00dfend t\u00f6ten. Diese Bitte wurde ihm gew\u00e4hrt, und tats\u00e4chlich st\u00fcrzte er sich nach der letzten Strophe seines Liedes ins Meer. Dort aber griff ihn ein Delphin und brachte ihn wohlbehalten an die K\u00fcste nach Taenarum. Hier konnte Arion dem Herrscher\u00a0Flughafentransfer Periandros von seinem Abenteuer berichten, noch bevor das Schiff im Hafen eingelaufen war.<\/p>\n<p>Er hatte schon erkannt das Delphine S\u00e4ugetiere waren und beschrieb sie als \u201cfreundliche Kreaturen\u201d mit nahezu menschlicher Intelligenz. Ihr Verhalten und ihre Biologie blieben dennoch weiterhin ein R\u00e4tsel. In vielen Erz\u00e4hlungen und Darstellungen dieser Epoche wurden Delphine als menschen\u00e4hnliche Wesen beschrieben.<\/p>\n<p>Delphine haben nicht nur S\u00e4nger und Dichter inspiriert, sondern auch Maler und Bildhauer. Die kretische , r\u00f6mische, chinesische und indische Kunst des vierten vorchristlichen Jahrhunderts haben uns realistische Abbildungen in Form von Statuen und Bildern hinterlassen.<\/p>\n<p>Die bekanntesten Bilder stellen den gemeinen T\u00fcmmler und den Schwertwal dar. Dem Menschen sehr nah, ein edles Erscheinen, als Sinnbild f\u00fcr den Geist, der die Natur belebt und sie mit einer Art von Intelligenz segnet.<\/p>\n<p>Unsere Vorfahren lie\u00dfen sich von der Tatsache, das Delphine \u00e4u\u00dferlich wie Fische aussehen nicht t\u00e4uschen, und obwohl sie weder eine Vorstellung von dem Begriff eines S\u00e4ugetiers hatten noch deren Anatomie oder Physiologie kannten, glaubten sie immer, dass Menschen mit Ihnen viel gemeinsam h\u00e4tten.<\/p>\n<p>Andererseits halfen Legenden auch dabei, Dinge zu verstehen,\u00a0Flughafentransfer die Menschen nicht erkl\u00e4ren konnten.<\/p>\n<p>Heutzutage wissen wir sehr viel mehr \u00fcber Delphine und andere Walarten. Meist sind es Forschungen, die Wissenschaftler mit Delphinen, T\u00fcmmlern in Gefangenschaft machen. T\u00fcmmler geh\u00f6ren zu der schlauesten und lernf\u00e4higsten Art Ihrer Gattung. Sie sind es, die in Delphinarien in Gefangenschaft gehalten werden. T\u00fcmmler geh\u00f6ren auch zu den kommunikativsten, sie leben, wenn sie nicht in Gefangenschaft sind, meist in K\u00fcstenn\u00e4he. Man sagt, sie wollen und suchen die N\u00e4he zum Mensch.<\/p>\n<p>In K\u00fcstenn\u00e4he drohen keine gef\u00e4hrlichen Feinde der Wasserwelt, dort ruhen sie ihr Sonar aus. Doch eine immer n\u00e4her androhende Gefahr stellen heutzutage Menschen f\u00fcr die Delphine dar.<\/p>\n<p>Delphine sind S\u00e4ugetiere,<\/p>\n<h2 class=\"qodef-page-title entry-title\">Flughafentransfer<\/h2>\n<p>die ins Meer zur\u00fcckgekehrt sind .Sie nahmen \u00e4u\u00dferlich die Gestalt von Fischen an und modifizierten sowohl ihren Stoffwechsel als auch andere physiologische Funktionen, um sich dem Meer besser anzupassen. Sie behielten alle Unterscheidungsmerkmale der S\u00e4ugetiere, die Lungenatmung, das N\u00e4hren des Nachwuchses und die Ausbildung eines komplizierten Soziallebens. Delphine sind ungew\u00f6hnlich gesellige Tiere. Man k\u00f6nnte denken, dass sie ohne eine bestimmte Ordnung nebeneinander schwimmen, doch besitzt die Gruppe in Wirklichkeit <a href=\"https:\/\/en.wikipedia.org\/wiki\/Hurghada\">eine<\/a> Struktur. Jedes Individuum findet seinen Platz, die Delphine schwimmen je <a href=\"https:\/\/simsim-reisen.de\/\">nach<\/a> Alter und Geschlecht.<\/p>\n<p>&nbsp;<\/p>\n<p><img loading=\"lazy\" decoding=\"async\" class=\"alignnone size-thumbnail wp-image-3242\" src=\"http:\/\/simsim-reisen.de\/wp-content\/uploads\/2018\/04\/About_Egyptian_Pound-150x150.jpg\" alt=\"Flughafentransfer\" width=\"150\" height=\"150\" srcset=\"https:\/\/simsim-reisen.de\/wp-content\/uploads\/2018\/04\/About_Egyptian_Pound-150x150.jpg 150w, https:\/\/simsim-reisen.de\/wp-content\/uploads\/2018\/04\/About_Egyptian_Pound-75x75.jpg 75w, https:\/\/simsim-reisen.de\/wp-content\/uploads\/2018\/04\/About_Egyptian_Pound-550x550.jpg 550w, https:\/\/simsim-reisen.de\/wp-content\/uploads\/2018\/04\/About_Egyptian_Pound-400x400.jpg 400w\" sizes=\"auto, (max-width: 150px) 100vw, 150px\" \/>[\/vc_column_text][\/vc_column][\/vc_row][vc_row row_content_width=&#8220;grid&#8220;][vc_column][vc_empty_space height=&#8220;50px&#8220;][vc_column_text]\n<table id=\"tablepress-12\" class=\"tablepress tablepress-id-12 tbody-has-connected-cells\">\n<thead>\n<tr class=\"row-1\">\n\t<th colspan=\"3\" class=\"column-1\">Flughafentransfer-Preise<\/th>\n<\/tr>\n<\/thead>\n<tbody class=\"row-striping row-hover\">\n<tr class=\"row-2\">\n\t<td colspan=\"3\" class=\"column-1\">Flughafen Hurghada - Hotel, Hotel - Flughafen<\/td>\n<\/tr>\n<tr class=\"row-3\">\n\t<td class=\"column-1\">Ort<\/td><td class=\"column-2\">Preis\/\u20ac \u00a0einfache Fahrt<\/td><td class=\"column-3\">Preis\/\u20ac\u00a0 hin- und zur\u00fcck<\/td>\n<\/tr>\n<tr class=\"row-4\">\n\t<td class=\"column-1\">Hurghada<\/td><td class=\"column-2\">25,00 \u20ac<\/td><td class=\"column-3\">50,00 \u20ac <\/td>\n<\/tr>\n<tr class=\"row-5\">\n\t<td class=\"column-1\">El Gouna<\/td><td class=\"column-2\">30,00 \u20ac<\/td><td class=\"column-3\">60,00 \u20ac<\/td>\n<\/tr>\n<tr class=\"row-6\">\n\t<td class=\"column-1\">Makadi Bay<\/td><td class=\"column-2\">30,00<\/td><td class=\"column-3\">60,00 \u20ac<\/td>\n<\/tr>\n<tr class=\"row-7\">\n\t<td class=\"column-1\">Sahl Hasheesh<\/td><td class=\"column-2\">30,00<\/td><td class=\"column-3\">60,00 \u20ac<\/td>\n<\/tr>\n<tr class=\"row-8\">\n\t<td class=\"column-1\">Soma Bay<\/td><td class=\"column-2\">40,00 \u20ac<\/td><td class=\"column-3\">80,00 \u20ac<\/td>\n<\/tr>\n<tr class=\"row-9\">\n\t<td class=\"column-1\">Safaga<\/td><td class=\"column-2\">40,00 \u20ac<\/td><td class=\"column-3\">80,00 \u20ac<\/td>\n<\/tr>\n<tr class=\"row-10\">\n\t<td class=\"column-1\">Magic Life Kalawi<\/td><td class=\"column-2\">45,00 \u20ac<\/td><td class=\"column-3\">90,00 \u20ac<\/td>\n<\/tr>\n<tr class=\"row-11\">\n\t<td class=\"column-1\">El Quseir<\/td><td class=\"column-2\">auf Anfrage<\/td><td class=\"column-3\">auf Anfrage<\/td>\n<\/tr>\n<tr class=\"row-12\">\n\t<td class=\"column-1\">Marsa Alam<\/td><td class=\"column-2\">auf Anfrage<\/td><td class=\"column-3\">auf Anfrage<\/td>\n<\/tr>\n<tr class=\"row-13\">\n\t<td class=\"column-1\">Lahamy Bay<\/td><td class=\"column-2\">auf Anfrage<\/td><td class=\"column-3\">auf Anfrage<\/td>\n<\/tr>\n<tr class=\"row-14\">\n\t<td class=\"column-1\">Hamata<\/td><td class=\"column-2\">auf Anfrage<\/td><td class=\"column-3\">auf Anfrage<\/td>\n<\/tr>\n<tr class=\"row-15\">\n\t<td class=\"column-1\">Kairo<\/td><td class=\"column-2\">auf Anfrage<\/td><td class=\"column-3\">auf Anfrage<\/td>\n<\/tr>\n<tr class=\"row-16\">\n\t<td class=\"column-1\">Luxor<\/td><td class=\"column-2\">auf Anfrage<\/td><td class=\"column-3\">auf Anfrage<\/td>\n<\/tr>\n<\/tbody>\n<\/table>\n<!-- #tablepress-12 from cache -->[\/vc_column_text][vc_empty_space height=&#8220;50px&#8220;][\/vc_column][\/vc_row]<\/p>\n","protected":false},"excerpt":{"rendered":"<p>[vc_row][vc_column offset=&#8220;vc_hidden-lg vc_hidden-md vc_hidden-sm vc_hidden-xs&#8220;][vc_column_text]Schon\u00a0Flughafentransfer Flughafentransfer im vorhellenischen Griechenland wurde der Delphin als Gott verehrt und ihm gleichgestellt. Die obige \u00dcberschrift stammt von dem griechischen Dichter Oppian, der sagte, dass ein Mord an einem Delphin genauso bestraft m\u00fcsse, wie der [&hellip;]<\/p>\n","protected":false},"author":1,"featured_media":0,"parent":0,"menu_order":0,"comment_status":"closed","ping_status":"closed","template":"full-width.php","meta":{"footnotes":""},"class_list":["post-2888","page","type-page","status-publish","hentry"],"yoast_head":"<!-- This site is optimized with the Yoast SEO plugin v27.1.1 - https:\/\/yoast.com\/product\/yoast-seo-wordpress\/ -->\n<title>Flughafentransfer in \u00c4gypten von Hurghada nach Makadi, El Gouna etc.<\/title>\n<meta name=\"description\" content=\"Wir organisieren auch spontan und zuverl\u00e4ssige Flughafentransfers ab Flughafen Hurghada nach Hurghada, El Gouna, Sahl Hasheesh, Safaga und an die Makadi Bay, Soma Bay. Unsere Ausfl\u00fcge und Trips, k\u00f6nnen auch vorab schon gebucht und reserviert werden.\" \/>\n<meta name=\"robots\" content=\"index, follow, max-snippet:-1, max-image-preview:large, max-video-preview:-1\" \/>\n<link rel=\"canonical\" href=\"https:\/\/simsim-reisen.de\/?page_id=2888\" \/>\n<meta property=\"og:locale\" content=\"de_DE\" \/>\n<meta property=\"og:type\" content=\"article\" \/>\n<meta property=\"og:title\" content=\"Flughafentransfer in \u00c4gypten von Hurghada nach Makadi, El Gouna etc.\" \/>\n<meta property=\"og:description\" content=\"Wir organisieren auch spontan und zuverl\u00e4ssige Flughafentransfers ab Flughafen Hurghada nach Hurghada, El Gouna, Sahl Hasheesh, Safaga und an die Makadi Bay, Soma Bay. Unsere Ausfl\u00fcge und Trips, k\u00f6nnen auch vorab schon gebucht und reserviert werden.\" \/>\n<meta property=\"og:url\" content=\"https:\/\/simsim-reisen.de\/?page_id=2888\" \/>\n<meta property=\"og:site_name\" content=\"SimSim Dive Safari &amp; Ausfl\u00fcge\" \/>\n<meta property=\"article:publisher\" content=\"https:\/\/www.facebook.com\/simsimreisen.de\/\" \/>\n<meta property=\"article:modified_time\" content=\"2018-05-19T08:07:20+00:00\" \/>\n<meta property=\"og:image\" content=\"http:\/\/simsim-reisen.de\/wp-content\/uploads\/2018\/04\/About_Egyptian_Pound-150x150.jpg\" \/>\n<meta name=\"twitter:card\" content=\"summary_large_image\" \/>\n<meta name=\"twitter:label1\" content=\"Gesch\u00e4tzte Lesezeit\" \/>\n\t<meta name=\"twitter:data1\" content=\"4\u00a0Minuten\" \/>\n<script type=\"application\/ld+json\" class=\"yoast-schema-graph\">{\"@context\":\"https:\/\/schema.org\",\"@graph\":[{\"@type\":\"WebPage\",\"@id\":\"https:\/\/simsim-reisen.de\/?page_id=2888\",\"url\":\"https:\/\/simsim-reisen.de\/?page_id=2888\",\"name\":\"Flughafentransfer in \u00c4gypten von Hurghada nach Makadi, El Gouna etc.\",\"isPartOf\":{\"@id\":\"https:\/\/simsim-reisen.de\/#website\"},\"primaryImageOfPage\":{\"@id\":\"https:\/\/simsim-reisen.de\/?page_id=2888#primaryimage\"},\"image\":{\"@id\":\"https:\/\/simsim-reisen.de\/?page_id=2888#primaryimage\"},\"thumbnailUrl\":\"http:\/\/simsim-reisen.de\/wp-content\/uploads\/2018\/04\/About_Egyptian_Pound-150x150.jpg\",\"datePublished\":\"2018-04-03T01:48:25+00:00\",\"dateModified\":\"2018-05-19T08:07:20+00:00\",\"description\":\"Wir organisieren auch spontan und zuverl\u00e4ssige Flughafentransfers ab Flughafen Hurghada nach Hurghada, El Gouna, Sahl Hasheesh, Safaga und an die Makadi Bay, Soma Bay. Unsere Ausfl\u00fcge und Trips, k\u00f6nnen auch vorab schon gebucht und reserviert werden.\",\"breadcrumb\":{\"@id\":\"https:\/\/simsim-reisen.de\/?page_id=2888#breadcrumb\"},\"inLanguage\":\"de\",\"potentialAction\":[{\"@type\":\"ReadAction\",\"target\":[\"https:\/\/simsim-reisen.de\/?page_id=2888\"]}]},{\"@type\":\"ImageObject\",\"inLanguage\":\"de\",\"@id\":\"https:\/\/simsim-reisen.de\/?page_id=2888#primaryimage\",\"url\":\"https:\/\/simsim-reisen.de\/wp-content\/uploads\/2018\/04\/About_Egyptian_Pound.jpg\",\"contentUrl\":\"https:\/\/simsim-reisen.de\/wp-content\/uploads\/2018\/04\/About_Egyptian_Pound.jpg\",\"width\":1024,\"height\":682,\"caption\":\"Flughafentransfer\"},{\"@type\":\"BreadcrumbList\",\"@id\":\"https:\/\/simsim-reisen.de\/?page_id=2888#breadcrumb\",\"itemListElement\":[{\"@type\":\"ListItem\",\"position\":1,\"name\":\"Home\",\"item\":\"https:\/\/simsim-reisen.de\/\"},{\"@type\":\"ListItem\",\"position\":2,\"name\":\"Flughafentransfer\"}]},{\"@type\":\"WebSite\",\"@id\":\"https:\/\/simsim-reisen.de\/#website\",\"url\":\"https:\/\/simsim-reisen.de\/\",\"name\":\"SimSim Dive Safari & Ausfl\u00fcge\",\"description\":\"\",\"publisher\":{\"@id\":\"https:\/\/simsim-reisen.de\/#organization\"},\"potentialAction\":[{\"@type\":\"SearchAction\",\"target\":{\"@type\":\"EntryPoint\",\"urlTemplate\":\"https:\/\/simsim-reisen.de\/?s={search_term_string}\"},\"query-input\":{\"@type\":\"PropertyValueSpecification\",\"valueRequired\":true,\"valueName\":\"search_term_string\"}}],\"inLanguage\":\"de\"},{\"@type\":\"Organization\",\"@id\":\"https:\/\/simsim-reisen.de\/#organization\",\"name\":\"SimSim Dive Safari & Ausfl\u00fcge\",\"url\":\"https:\/\/simsim-reisen.de\/\",\"logo\":{\"@type\":\"ImageObject\",\"inLanguage\":\"de\",\"@id\":\"https:\/\/simsim-reisen.de\/#\/schema\/logo\/image\/\",\"url\":\"https:\/\/simsim-reisen.de\/wp-content\/uploads\/2018\/04\/simsim-tauchtouren-aegypten-dark.png\",\"contentUrl\":\"https:\/\/simsim-reisen.de\/wp-content\/uploads\/2018\/04\/simsim-tauchtouren-aegypten-dark.png\",\"width\":50,\"height\":61,\"caption\":\"SimSim Dive Safari & Ausfl\u00fcge\"},\"image\":{\"@id\":\"https:\/\/simsim-reisen.de\/#\/schema\/logo\/image\/\"},\"sameAs\":[\"https:\/\/www.facebook.com\/simsimreisen.de\/\"]}]}<\/script>\n<!-- \/ Yoast SEO plugin. -->","yoast_head_json":{"title":"Flughafentransfer in \u00c4gypten von Hurghada nach Makadi, El Gouna etc.","description":"Wir organisieren auch spontan und zuverl\u00e4ssige Flughafentransfers ab Flughafen Hurghada nach Hurghada, El Gouna, Sahl Hasheesh, Safaga und an die Makadi Bay, Soma Bay. Unsere Ausfl\u00fcge und Trips, k\u00f6nnen auch vorab schon gebucht und reserviert werden.","robots":{"index":"index","follow":"follow","max-snippet":"max-snippet:-1","max-image-preview":"max-image-preview:large","max-video-preview":"max-video-preview:-1"},"canonical":"https:\/\/simsim-reisen.de\/?page_id=2888","og_locale":"de_DE","og_type":"article","og_title":"Flughafentransfer in \u00c4gypten von Hurghada nach Makadi, El Gouna etc.","og_description":"Wir organisieren auch spontan und zuverl\u00e4ssige Flughafentransfers ab Flughafen Hurghada nach Hurghada, El Gouna, Sahl Hasheesh, Safaga und an die Makadi Bay, Soma Bay. Unsere Ausfl\u00fcge und Trips, k\u00f6nnen auch vorab schon gebucht und reserviert werden.","og_url":"https:\/\/simsim-reisen.de\/?page_id=2888","og_site_name":"SimSim Dive Safari &amp; Ausfl\u00fcge","article_publisher":"https:\/\/www.facebook.com\/simsimreisen.de\/","article_modified_time":"2018-05-19T08:07:20+00:00","og_image":[{"url":"http:\/\/simsim-reisen.de\/wp-content\/uploads\/2018\/04\/About_Egyptian_Pound-150x150.jpg","type":"","width":"","height":""}],"twitter_card":"summary_large_image","twitter_misc":{"Gesch\u00e4tzte Lesezeit":"4\u00a0Minuten"},"schema":{"@context":"https:\/\/schema.org","@graph":[{"@type":"WebPage","@id":"https:\/\/simsim-reisen.de\/?page_id=2888","url":"https:\/\/simsim-reisen.de\/?page_id=2888","name":"Flughafentransfer in \u00c4gypten von Hurghada nach Makadi, El Gouna etc.","isPartOf":{"@id":"https:\/\/simsim-reisen.de\/#website"},"primaryImageOfPage":{"@id":"https:\/\/simsim-reisen.de\/?page_id=2888#primaryimage"},"image":{"@id":"https:\/\/simsim-reisen.de\/?page_id=2888#primaryimage"},"thumbnailUrl":"http:\/\/simsim-reisen.de\/wp-content\/uploads\/2018\/04\/About_Egyptian_Pound-150x150.jpg","datePublished":"2018-04-03T01:48:25+00:00","dateModified":"2018-05-19T08:07:20+00:00","description":"Wir organisieren auch spontan und zuverl\u00e4ssige Flughafentransfers ab Flughafen Hurghada nach Hurghada, El Gouna, Sahl Hasheesh, Safaga und an die Makadi Bay, Soma Bay. Unsere Ausfl\u00fcge und Trips, k\u00f6nnen auch vorab schon gebucht und reserviert werden.","breadcrumb":{"@id":"https:\/\/simsim-reisen.de\/?page_id=2888#breadcrumb"},"inLanguage":"de","potentialAction":[{"@type":"ReadAction","target":["https:\/\/simsim-reisen.de\/?page_id=2888"]}]},{"@type":"ImageObject","inLanguage":"de","@id":"https:\/\/simsim-reisen.de\/?page_id=2888#primaryimage","url":"https:\/\/simsim-reisen.de\/wp-content\/uploads\/2018\/04\/About_Egyptian_Pound.jpg","contentUrl":"https:\/\/simsim-reisen.de\/wp-content\/uploads\/2018\/04\/About_Egyptian_Pound.jpg","width":1024,"height":682,"caption":"Flughafentransfer"},{"@type":"BreadcrumbList","@id":"https:\/\/simsim-reisen.de\/?page_id=2888#breadcrumb","itemListElement":[{"@type":"ListItem","position":1,"name":"Home","item":"https:\/\/simsim-reisen.de\/"},{"@type":"ListItem","position":2,"name":"Flughafentransfer"}]},{"@type":"WebSite","@id":"https:\/\/simsim-reisen.de\/#website","url":"https:\/\/simsim-reisen.de\/","name":"SimSim Dive Safari & Ausfl\u00fcge","description":"","publisher":{"@id":"https:\/\/simsim-reisen.de\/#organization"},"potentialAction":[{"@type":"SearchAction","target":{"@type":"EntryPoint","urlTemplate":"https:\/\/simsim-reisen.de\/?s={search_term_string}"},"query-input":{"@type":"PropertyValueSpecification","valueRequired":true,"valueName":"search_term_string"}}],"inLanguage":"de"},{"@type":"Organization","@id":"https:\/\/simsim-reisen.de\/#organization","name":"SimSim Dive Safari & Ausfl\u00fcge","url":"https:\/\/simsim-reisen.de\/","logo":{"@type":"ImageObject","inLanguage":"de","@id":"https:\/\/simsim-reisen.de\/#\/schema\/logo\/image\/","url":"https:\/\/simsim-reisen.de\/wp-content\/uploads\/2018\/04\/simsim-tauchtouren-aegypten-dark.png","contentUrl":"https:\/\/simsim-reisen.de\/wp-content\/uploads\/2018\/04\/simsim-tauchtouren-aegypten-dark.png","width":50,"height":61,"caption":"SimSim Dive Safari & Ausfl\u00fcge"},"image":{"@id":"https:\/\/simsim-reisen.de\/#\/schema\/logo\/image\/"},"sameAs":["https:\/\/www.facebook.com\/simsimreisen.de\/"]}]}},"_links":{"self":[{"href":"https:\/\/simsim-reisen.de\/index.php?rest_route=\/wp\/v2\/pages\/2888","targetHints":{"allow":["GET"]}}],"collection":[{"href":"https:\/\/simsim-reisen.de\/index.php?rest_route=\/wp\/v2\/pages"}],"about":[{"href":"https:\/\/simsim-reisen.de\/index.php?rest_route=\/wp\/v2\/types\/page"}],"author":[{"embeddable":true,"href":"https:\/\/simsim-reisen.de\/index.php?rest_route=\/wp\/v2\/users\/1"}],"replies":[{"embeddable":true,"href":"https:\/\/simsim-reisen.de\/index.php?rest_route=%2Fwp%2Fv2%2Fcomments&post=2888"}],"version-history":[{"count":6,"href":"https:\/\/simsim-reisen.de\/index.php?rest_route=\/wp\/v2\/pages\/2888\/revisions"}],"predecessor-version":[{"id":3543,"href":"https:\/\/simsim-reisen.de\/index.php?rest_route=\/wp\/v2\/pages\/2888\/revisions\/3543"}],"wp:attachment":[{"href":"https:\/\/simsim-reisen.de\/index.php?rest_route=%2Fwp%2Fv2%2Fmedia&parent=2888"}],"curies":[{"name":"wp","href":"https:\/\/api.w.org\/{rel}","templated":true}]}}